base 4, what is -10202 + 30302312211?
30302302003
In base 15, what is -dca3c - -1b?
-dca21
In base 16, what is 17 + -3540f?
-353f8
In base 5, what is 10 - 4113430204?
-4113430144
In base 6, what is -113121 + -2352?
-115513
In base 6, what is -114424312244 - -3?
-114424312241
In base 4, what is -12101 - 121230030?
-121302131
In base 4, what is -2 - -312020311031?
312020311023
In base 5, what is 1214410 + -10344?
1204011
In base 5, what is -100 + 3231022?
3230422
In base 5, what is -1131342 - 340323?
-2022220
In base 9, what is -47 - -2560314?
2560256
In base 4, what is 3320 + -2002003311?
-2001333331
In base 15, what is -8439 + 8e3?
-7a46
In base 3, what is -10112 - -2001012002222?
2001011222110
In base 2, what is 1100010 + 11001010000110111101?
11001010001000011111
In base 2, what is -101000100110001110110111000 - 10?
-101000100110001110110111010
In base 3, what is -10200010 + -100022011220?
-100102212000
In base 14, what is -4a + 22979a?
229750
In base 9, what is -47772126 - 6?
-47772133
In base 13, what is 2734 - -176?
28aa
In base 11, what is 1 + -3912075?
-3912074
In base 4, what is -103233230323301 + 2?
-103233230323233
In base 13, what is 3 + -133a817a?
-133a8177
In base 15, what is 1ee - -1daebe?
1db1bd
In base 6, what is -5124453045 - 1?
-5124453050
In base 8, what is 20730571 + -22?
20730547
In base 2, what is -11011111100011100011101 + -101001?
-11011111100011101000110
In base 13, what is -a2149c5 - 3?
-a2149c8
In base 11, what is -12938 + -5136?
-17a73
In base 5, what is 32 + -1234122222?
-1234122140
In base 12, what is -1 + -1309490?
-1309491
In base 2, what is -1010001010011110010010 + -101011011?
-1010001010100011101101
In base 7, what is -653504 + 343?
-653131
In base 11, what is 6 - 25096a81?
-25096a76
In base 9, what is 1561885 + -258?
1561626
In base 13, what is -180816 + 12?
-180804
In base 5, what is -434 - 103212431?
-103213420
In base 16, what is 20 - 1787d2?
-1787b2
In base 6, what is 125 - 24333202?
-24333033
In base 6, what is 204 - 104451141?
-104450533
In base 12, what is 110 + 3620?
3730
In base 4, what is 1 + -13102310033131?
-13102310033130
In base 14, what is -2 + 624719?
624717
In base 9, what is -42 - -1132444?
1132402
In base 15, what is -1778 - -1da6?
62d
In base 10, what is -775384 + -1?
-775385
In base 3, what is -1202002100021222 - 20?
-1202002100022012
In base 2, what is 1110010100111111110 - -1011?
1110010101000001001
In base 7, what is -25320564 - 0?
-25320564
In base 5, what is -22 + 140204201?
140204124
In base 10, what is -5375926 + 8?
-5375918
In base 3, what is 210211221110110 + -122?
210211221102211
In base 15, what is -3413 - -e22?
-24e1
In base 9, what is -22787154 + -34?
-22787188
In base 3, what is 1220111112211120 + 12?
1220111112211202
In base 11, what is 30187335 + -13?
30187322
In base 10, what is 5094 + 4845?
9939
In base 9, what is 1872035 + -100?
1871835
In base 9, what is 32158632 - -23?
32158655
In base 14, what is 59d + -14376?
-13bb7
In base 14, what is 2875d581 + 1?
2875d582
In base 10, what is 8 - -1170461?
1170469
In base 5, what is -304 + -1201142?
-1202001
In base 6, what is -342 + 21232253?
21231511
In base 5, what is 13132221 - 30340?
13101331
In base 16, what is 22c3f + 80a?
23449
In base 16, what is 7d2 - -54a?
d1c
In base 5, what is -12024002102 + 1?
-12024002101
In base 5, what is 432340201 + 101?
432340302
In base 7, what is -2046555 + 104?
-2046451
In base 10, what is -4193 + -45?
-4238
In base 2, what is -10101100101000001011011010 - 1?
-10101100101000001011011011
In base 16, what is -44bb - 96?
-4551
In base 3, what is 1110002012201 + -201021?
1110001111110
In base 5, what is -41 + 113432?
113341
In base 7, what is 351631211 + -1?
351631210
In base 3, what is 21211200021 - 110211?
21211012110
In base 10, what is 36064137 + 8?
36064145
In base 10, what is 14019462 - 16?
14019446
In base 8, what is -7412156 + -230?
-7412406
In base 12, what is -b71b39 - 68?
-b71ba5
In base 9, what is -3566176 - 41?
-3566227
In base 16, what is -11b + fe43?
fd28
In base 16, what is 18ee1 + -a?
18ed7
In base 9, what is 4 + -1441768?
-1441764
In base 6, what is 4151312 + 135?
4151451
In base 6, what is 4 - 11132454100?
-11132454052
In base 15, what is 7 - -978a6?
978ad
In base 4, what is 21122 + 3223202?
3310330
In base 3, what is 22 - -220210202210200?
220210202210222
In base 14, what is -462bb6 + -6?
-462bbc
In base 15, what is 2e6e355 + -5?
2e6e350
In base 15, what is e75b8 + 3?
e75bb
In base 15, what is -34 - -69403?
693be
In base 13, what is -18 + 85473?
85458
In base 8, what is 135733 + -172?
135541
In base 3, what is 10112 - -2202201001001?
2202201011120
In base 6, what is -25014542 - -2333?
-25012205
In base 9, what is 348447 - -25?
348473
In base 9, what is -1 + 1126288?
1126287
In base 14, what is -608a09 - 0?
-608a09
In base 7, what is 6 - 104606436?
-104606430
In base 3, what is 2012112211111121112 - 10?
2012112211111121102
In base 11, what is -593935 + -104?
-593a39
In base 7, what is 4246 - -11340?
15616
In base 10, what is -650 - -192122?
191472
In base 5, what is -110202044 + -200?
-110202244
In base 2, what is -10000110111 + -110010000001011001?
-110010010010010000
In base 15, what is -3d1c3a - -2c?
-3d1c0d
In base 16, what is -ebbc909 + -3?
-ebbc90c
In base 7, what is -2251605 - 63?
-2252001
In base 13, what is 21306c - -7?
213076
In base 3, what is 1000221001112 + -102?
1000221001010
In base 9, what is 145748 + 272?
146131
In base 8, what is 26225423 + 31?
26225454
In base 8, what is 273544 - -240?
274004
In base 4, what is -10003 + -111200303?
-111210312
In base 12, what is 15 - -43b1b4?
43b209
In base 11, what is -34a4 - -22a?
-3275
In base 8, what is -2413360 - -1347?
-2412011
In base 3, what is 20 + -20010200110212001?
-20010200110211211
In base 14, what is 3796 + 7d5?
418b
In base 6, what is 2 + -31505522?
-31505520
In base 15, what is -11a + -6c71d?
-6c838
In base 14, what is 47a03 + 18?
47a1b
In base 2, what is 1110000 - 100101010100101?
-100101000110101
In base 9, what is -48 + -5230143?
-5230202
In base 6, what is -1134 - 153032?
-154210
In base 7, what is 604 - -244604?
245511
In base 9, what is 11244254 - 18?
11244235
In base 13, what is -629 - -37a?
-27c
In base 5, what is 2222341000 + 1?
2222341001
In base 12, what is -25b81 + -11b7?
-27178
In base 12, what is -13b2 - -4436?
3044
In base 5, what is 124310224 - 20?
124310204
In base 5, what is 1 - -3320011302?
3320011303
In base 8, what is 34215 + 431?
34646
In base 13, what is -1c6 - 2835b?
-28554
In base 9, what is 434108088 - 2?
434108086
In base 4, what is 301030 + -1020210?
-113120
In base 7, what is -4565152 + 4?
-4565145
In base 16, what is -63750 - 1e?
-6376e
In base 4, what is -13132 + 100123303?
100110111
In base 15, what is -132 + 10333?
10201
In base 8, what is 450321 - 10?
450311
In base 2, what is 1101101111000011011111 + -1011111?
1101101111000010000000
In base 7, what is 1452062 + 6163?
1461255
In base 9, what is 3 - 5404142?
-5404138
In base 2, what is -101101001101101111100 - 101000?
-101101001101110100100
In base 12, what is 2a - -454b34?
454b62
In base 8, what is 1175 + -40621?
-37424
In base 7, what is -12326054 - -24?
-12326030
In base 3, what is 2212112100010 - -102?
2212112100112
In base 12, what is 2a747078 - -4?
2a747080
In base 6, what is 31 - 233314114?
-233314043
In base 13, what is -5b - -17a5c?
17a01
In base 4, what is 2 + -3202330213210?
-3202330213202
In base 8, what is -24333724 - 15?
-24333741
In base 15, what is -6 + -89ba053?
-89ba059
In base 6, what is 3042 - -400514?
404000
In base 4, what is -20113032021 - 2?
-20113032023
In base 13, what is 100a - -24903?
25910
In base 6, what is -451 + -100234?
-101125
In base 12, what is 3a2a - 81?
3969
In base 8, what is -25 + -1062257?
-1062304
In base 5, what is -1043013 - -1140?
-1041323
In base 3, what is 1 - -20011201202112202?
20011201202112210
In base 12, what is -17 - -1a123?
1a108
In base 5, what is 14 - -23332443?
23333012
In base 12, what is 3 + 58abb2?
58abb5
In base 12, what is -22 + 5084947?
5084925
In base 10, what is -3039 - -67?
-2972
In base 12, what is 6 + 186380b5?
186380bb
In base 11, what is 1322 - -221a0?
23512
In base 11, what is 594 + 424?
a08
In base 16, what is 1 - -69cd?
69ce
In base 13, what is 3b30